at is -2652772 - -3?
-265276b
In base 8, what is 715 + 7070?
10005
In base 5, what is 30013043 - -10?
30013103
In base 16, what is -2 + -569f?
-56a1
In base 7, what is -165 - 5126?
-5324
In base 9, what is -286653 - -14?
-286638
In base 2, what is 10010 + 101101010001?
101101100011
In base 2, what is -101 - -101000010010?
101000001101
In base 16, what is -763c - 1?
-763d
In base 8, what is -2 + 7312?
7310
In base 16, what is f5bd - 8?
f5b5
In base 5, what is -12 - 44303002?
-44303014
In base 11, what is -282 + -1a5?
-477
In base 7, what is 5 + 222?
230
In base 7, what is -4440 - -16?
-4421
In base 11, what is -1a027 - -2?
-1a025
In base 15, what is 217c + 49?
21c6
In base 14, what is 3d - -7ba?
819
In base 13, what is -353a - 68?
-35a5
In base 10, what is 10 - 32076?
-32066
In base 15, what is 3c91 - -13a?
3dcb
In base 11, what is -3 + 38781?
38779
In base 2, what is 11010100 - 1110110001000?
-1110010110100
In base 7, what is 125210 - 23?
125154
In base 4, what is 13320 + -31033?
-11113
In base 15, what is -1 + 1a7941?
1a7940
In base 7, what is 1012362 + -2?
1012360
In base 4, what is -13131 + 2021122?
2001331
In base 15, what is 1 - -2675?
2676
In base 8, what is 74 + -21207?
-21113
In base 15, what is 2eec + 1?
2eed
In base 11, what is 227 - -12?
239
In base 5, what is -1000 - 1000?
-2000
In base 10, what is 4929 + -443?
4486
In base 13, what is 2 + -779b8?
-779b6
In base 12, what is 415bb - 26?
41595
In base 14, what is -bca + 29?
-ba1
In base 6, what is 1250513 + 2?
1250515
In base 13, what is -1 + 336620?
33661c
In base 2, what is 1011001111011101 - -1?
1011001111011110
In base 2, what is -1011110101111 + -10100110?
-1100001010101
In base 12, what is 850 + 179?
a09
In base 16, what is -6752 - -1d?
-6735
In base 2, what is 101 + 10100111011000000110?
10100111011000001011
In base 7, what is -344 + -44235?
-44612
In base 11, what is 9614 + -40?
9584
In base 9, what is -556533 + -3?
-556536
In base 13, what is -15785 - -a?
-15778
In base 10, what is 3854088 + -3?
3854085
In base 7, what is -3 - -1062446?
1062443
In base 4, what is 1310 - -1111331?
1113301
In base 11, what is 3059 + -17?
3042
In base 15, what is 39 - -604?
63d
In base 5, what is 101 - 3312?
-3211
In base 8, what is -17132 + -2?
-17134
In base 5, what is -43104030 - 10?
-43104040
In base 8, what is 53 - -614?
667
In base 7, what is 6 - -56465?
56504
In base 14, what is -3 - 1b82cc?
-1b82d1
In base 15, what is 8 + -695?
-68c
In base 11, what is 2 + 17961?
17963
In base 5, what is -21440 - -2024?
-14411
In base 11, what is 5 + -15682?
-15678
In base 4, what is 2231 - -201?
3032
In base 12, what is -a35154 + 0?
-a35154
In base 3, what is 1001201 + 1001120?
2010021
In base 11, what is 49096 + 0?
49096
In base 15, what is a5 - -3?
a8
In base 4, what is 112 - 1013?
-301
In base 16, what is 8fcc0 + 3?
8fcc3
In base 8, what is 2150267 + 0?
2150267
In base 7, what is -2212213 - 5?
-2212221
In base 3, what is -1101111 + 20022?
-1011012
In base 16, what is 3 + -122b?
-1228
In base 3, what is -1 + -1011220001?
-1011220002
In base 12, what is -7b3 - -5?
-7aa
In base 2, what is 10110111111101001011 - 100?
10110111111101000111
In base 6, what is -11 + 103051?
103040
In base 6, what is -2 - 1051130?
-1051132
In base 16, what is e344 - 4?
e340
In base 15, what is 10 - -1e1ad?
1e1bd
In base 6, what is -20 - 2101111?
-2101131
In base 10, what is 104697 - 10?
104687
In base 15, what is -6e99 - 3d?
-6ed7
In base 10, what is 114 - -2241?
2355
In base 13, what is 2 - 203c4?
-203c2
In base 11, what is -1 - aa70?
-aa71
In base 2, what is -10000110 + 1100100010?
1010011100
In base 15, what is -9 + 3be?
3b5
In base 9, what is -4 + 22004?
22000
In base 7, what is 4246531 - -2?
4246533
In base 14, what is 0 + -a9c87?
-a9c87
In base 2, what is 10 - 10100110001001011?
-10100110001001001
In base 6, what is 1210454 + 22?
1210520
In base 16, what is 320 + 6e5?
a05
In base 8, what is -15606 - 22?
-15630
In base 6, what is -32 - -144231?
144155
In base 4, what is 30 + -103101?
-103011
In base 16, what is 311 - -1e2?
4f3
In base 7, what is -23226 - -15?
-23211
In base 13, what is 2 - -875?
877
In base 3, what is -10 - 20102011?
-20102021
In base 10, what is -5567 + -12?
-5579
In base 16, what is -2305 + -6?
-230b
In base 15, what is -4 + 138cee?
138cea
In base 14, what is -1a9b5 + 14?
-1a9a1
In base 11, what is 1a25 - 19?
1a07
In base 11, what is a0792 + 8?
a079a
In base 16, what is -14a9 + -1?
-14aa
In base 13, what is -b971 + 4?
-b96a
In base 10, what is 16 - -8732?
8748
In base 8, what is 2514 - -103?
2617
In base 8, what is 5 + -61626?
-61621
In base 16, what is -403c + -10?
-404c
In base 11, what is -5 - -3690aa?
3690a5
In base 15, what is 43 - 148a?
-1447
In base 15, what is -8965 - 7?
-896c
In base 3, what is 2 + -2100110?
-2100101
In base 16, what is -6 + -6ef7e?
-6ef84
In base 9, what is 18 + 1824?
1843
In base 10, what is 15 - -9455?
9470
In base 10, what is -42 + 2888?
2846
In base 3, what is -22 - 21010222?
-21011021
In base 15, what is -3 - 4c66?
-4c69
In base 5, what is 320 + -104422?
-104102
In base 5, what is 3032040 - 11?
3032024
In base 15, what is -2e6 - 4e?
-345
In base 8, what is -3374 + 756?
-2416
In base 9, what is 2 + -306323?
-306321
In base 16, what is 1a - 219?
-1ff
In base 3, what is 101010012212 - 1?
101010012211
In base 16, what is 0 + -11e55e?
-11e55e
In base 11, what is 3aa3 + a?
4002
In base 9, what is -160 + 1007?
737
In base 9, what is -2 - 533140?
-533142
In base 12, what is -7 + -76a?
-775
In base 10, what is 3 + -20480?
-20477
In base 6, what is -4 + -1414210?
-1414214
In base 14, what is -5 - b003?
-b008
In base 15, what is 5d0dbe + 0?
5d0dbe
In base 14, what is 11 + 26b3c?
26b4d
In base 2, what is 1 - -100111011110111011?
100111011110111100
In base 15, what is 1ec8 + e?
1ed7
In base 5, what is -202341 - 11?
-202402
In base 10, what is 57 + 614?
671
In base 4, what is 2020 + -310033?
-302013
In base 4, what is -1123 + 101211?
100022
In base 16, what is -5d4 + -30?
-604
In base 11, what is -4 - -433?
42a
In base 15, what is -1b49 + -3?
-1b4c
In base 10, what is 5 - -14634?
14639
In base 11, what is -1 + 46440?
4643a
In base 13, what is -18880 + -12?
-18892
In base 12, what is 1 + -5a0?
-59b
In base 13, what is 5 + 408a1?
408a6
In base 15, what is 9d19e - 1?
9d19d
In base 15, what is -eb - -110?
14
In base 5, what is -10043 - -110?
-4433
In base 6, what is -12 - 13250?
-13302
In base 6, what is -242111 - 34?
-242145
In base 13, what is 196 - -2157?
2320
In base 10, what is -102302 + -2?
-102304
In base 10, what is -151323 + 6?
-151317
In base 16, what is ba4a + -4?
ba46
In base 16, what is 5 + 8fe0?
8fe5
In base 12, what is -1537b9a + 1?
-1537b99
In base 13, what is -8566 + -1?
-8567
In base 3, what is -200022 - 221122?
-1121221
In base 2, what is 101000 + -11011000010?
-11010011010
In base 8, what is 16354063 + 4?
16354067
In base 3, what is 12020 - -10212021?
11001111
In base 3, what is -2000000 - -10000?
-1220000
In base 3, what is -2200 + -110212211?
-110222111
In base 12, what is -3 + -6705?
-6708
In base 15, what is -407b6 - -1?
-407b5
In base 9, what is -126 + -2881?
-3117
In base 10, what is -12 + -10770?
-10782
In base 9, what is 64104 - -5?
64110
In base 10, what is -9 + -12003?
-12012
In base 12, what is -1440b - 7?
-14416
In base 12, what is -30b95 + -52?
-31027
In base 15, what is -1 - -1907e?
1907d
In base 11, what is 48 - -1851?
1899
In base 3, what is 111100220022 - -1?
111100220100
In base 8, what is 1 + 562142?
562143
In base 7, what is 10 + 1253534?
1253544
In base 3, what is -200122011212 - -11?
-200122011201
In base 14, what is -300d7 + -3?
-300da
In base 4, what is 23 + -212223?
-212200
In base 12, what is 4 - -11253a?
112542
In base 7, what is 20336531 - 4?
20336524
In base 5, what is 31440 + 341?
32331
In base 3, what is -12200 - 10012112?
-10102012
In base 2, what is 11111010 - 100101011?
-110001
In base 14, what is -53 + 15a?
107
In base 12, what is 2 + 17b48?
17b4a
In base 5, what is 0 + -1333422?
-1333422
In base 15, what is 2dec - 3?
2de9
In base 6, what is -21052 - -25?
-21023
In base 13, what is -a + 265?
258
In base 16, what is -2 - 7290?
-7292
In base 7, what is -30151 - 12?
-30163
In base 6, what is 53 + 23355?
23452
In base 7, what is -16